{"id":52,"date":"2024-01-04T15:14:13","date_gmt":"2024-01-04T14:14:13","guid":{"rendered":"https:\/\/www.skolyjesenice.cz\/?page_id=52"},"modified":"2026-02-02T11:33:39","modified_gmt":"2026-02-02T10:33:39","slug":"zss-ii","status":"publish","type":"page","link":"https:\/\/www.skolyjesenice.cz\/zs\/zss-ii\/","title":{"rendered":"Z\u0160S II."},"content":{"rendered":"<h2>Z\u00e1kladn\u00ed \u0161kola speci\u00e1ln\u00ed II. (II. stupe\u0148)<\/h2>\n<p style=\"text-align: justify\"><strong>t\u0159\u00eddn\u00ed u\u010ditelka:<\/strong> Ing. Veronika Sou\u010dkov\u00e1<\/p>\n<p style=\"text-align: justify\"><strong>asistentka pedagoga:<\/strong> Radka Seifertov\u00e1, Zdenka Kin\u0161tov\u00e1<\/p>\n<p style=\"text-align: justify\"><strong>My jsme velc\u00ed \u017e\u00e1ci ze \u017elut\u00e9 t\u0159\u00eddy, ka\u017ed\u00fd den se u\u010d\u00edme nov\u00fdm v\u011bcem, co\u017e se n\u00e1m moc l\u00edb\u00ed. Pozn\u00e1v\u00e1me sv\u011bt kolem n\u00e1s, zp\u00edv\u00e1me si p\u00edsni\u010dky, a kdy\u017e pro n\u00e1s p\u0159ijde m\u00e1ma, nechceme ze \u0161koli\u010dky.<\/strong><\/p>\n<p style=\"text-align: justify\">Jsme mal\u00e1, ale skv\u011bl\u00e1 skupina sedmi \u017e\u00e1k\u016f, kte\u0159\u00ed nav\u0161t\u011bvuj\u00ed 5., 6., 7. a 8. ro\u010dn\u00edk z\u00e1kladn\u00ed \u0161koly speci\u00e1ln\u00ed. Do \u0161koly se t\u011b\u0161\u00edme ka\u017ed\u00fd den, proto\u017ee tu z\u00edsk\u00e1v\u00e1me nejen spoustu nov\u00fdch v\u011bdomost\u00ed, ale m\u00e1me zde p\u0159edev\u0161\u00edm tak\u00e9 skv\u011bl\u00e9 p\u0159\u00e1tele. V na\u0161\u00ed t\u0159\u00edd\u011b panuje p\u0159\u00e1telsk\u00e1 a laskav\u00e1 atmosf\u00e9ra, kde se navz\u00e1jem podporujeme, pom\u00e1h\u00e1me si a m\u00e1me se r\u00e1di. Krom\u011b u\u010den\u00ed si r\u00e1di hrajeme, objevujeme nov\u00e9 v\u011bci a spole\u010dn\u011b se sm\u011bjeme. Sna\u017e\u00edme se b\u00fdt na sebe hodn\u00ed a proto je ka\u017ed\u00fd den v na\u0161\u00ed t\u0159\u00edd\u011b je pln\u00fd radosti a pozitivn\u00ed energie.<\/p>\n<p style=\"text-align: justify\">Ing. Veronika Sou\u010dkov\u00e1<\/p>\n<h2>Aktuality<\/h2>\n<ul class=\"display-posts-listing\"><li class=\"listing-item\"><a href=\"https:\/\/www.skolyjesenice.cz\/zs\/2025\/06\/29\/zss-ii-cerven-plny-zazitku\/\"><div class=\"title\">Z\u0160S II. &#8211; \u010cerven pln\u00fd z\u00e1\u017eitk\u016f<\/div><\/a><span class=\"date\"> <span class=\"date\">29. 06. 2025<\/span><\/span><div class=\"excerpt\"><\/div><\/li><li class=\"listing-item\"><a href=\"https:\/\/www.skolyjesenice.cz\/zs\/2025\/06\/19\/zss-ii-nas-tridni-vylet-ntm-plasy-a-prohlidka-namesti-ve-meste-kralovice\/\"><div class=\"title\">Z\u0160S II. N\u00e1\u0161 t\u0159\u00eddn\u00ed v\u00fdlet \u2013 NTM Plasy a prohl\u00eddka n\u00e1m\u011bst\u00ed ve m\u011bst\u011b Kralovice<\/div><\/a><span class=\"date\"> <span class=\"date\">19. 06. 2025<\/span><\/span><div class=\"excerpt\"><\/div><\/li><li class=\"listing-item\"><a href=\"https:\/\/www.skolyjesenice.cz\/zs\/2025\/06\/19\/zss-ii-jaro-plne-zazitku\/\"><div class=\"title\">Z\u0160S II. &#8211; Jaro pln\u00e9 z\u00e1\u017eitk\u016f<\/div><\/a><span class=\"date\"> <span class=\"date\">19. 06. 2025<\/span><\/span><div class=\"excerpt\"><\/div><\/li><li class=\"listing-item\"><a href=\"https:\/\/www.skolyjesenice.cz\/zs\/2025\/04\/10\/navsteva-vystavy-fotografii-zvirat-a-prirody\/\"><div class=\"title\">N\u00e1v\u0161t\u011bva v\u00fdstavy fotografi\u00ed zv\u00ed\u0159at a p\u0159\u00edrody<\/div><\/a><span class=\"date\"> <span class=\"date\">10. 04. 2025<\/span><\/span><div class=\"excerpt\"><\/div><\/li><li class=\"listing-item\"><a href=\"https:\/\/www.skolyjesenice.cz\/zs\/2024\/12\/20\/zss-ii_zima-ve-skole-a-pohadkova-atmosfera-plna-radosti\/\"><div class=\"title\">Z\u0160S II_Zima ve \u0161kole a poh\u00e1dkov\u00e1 atmosf\u00e9ra pln\u00e1 radosti<\/div><\/a><span class=\"date\"> <span class=\"date\">20. 12. 2024<\/span><\/span><div class=\"excerpt\"><\/div><\/li><li class=\"listing-item\"><a href=\"https:\/\/www.skolyjesenice.cz\/zs\/2024\/12\/15\/zss-ii-zima-ve-skole-a-pohadkova-atmosfera-plna-radosti\/\"><div class=\"title\">Z\u0160S II. Zima ve \u0161kole<\/div><\/a><span class=\"date\"> <span class=\"date\">15. 12. 2024<\/span><\/span><div class=\"excerpt\"><\/div><\/li><li class=\"listing-item\"><a href=\"https:\/\/www.skolyjesenice.cz\/zs\/2024\/11\/15\/zss-ii-podzim-ve-skole-plny-zazitku-a-radosti-2\/\"><div class=\"title\">Z\u0160S II. Podzim ve \u0161kole, pln\u00fd z\u00e1\u017eitk\u016f a radosti<\/div><\/a><span class=\"date\"> <span class=\"date\">15. 11. 2024<\/span><\/span><div class=\"excerpt\"><\/div><\/li><li class=\"listing-item\"><a href=\"https:\/\/www.skolyjesenice.cz\/zs\/2024\/11\/15\/zss-ii-podzim-ve-skole-plny-zazitku-a-radosti\/\"><div class=\"title\">Z\u0160S II. Podzim ve \u0161kole, pln\u00fd z\u00e1\u017eitk\u016f a radosti<\/div><\/a><span class=\"date\"> <span class=\"date\">15. 11. 2024<\/span><\/span><div class=\"excerpt\"><\/div><\/li><li class=\"listing-item\"><a href=\"https:\/\/www.skolyjesenice.cz\/zs\/2024\/09\/10\/zss-ii-novy-skolni-rok-nove-zazitky\/\"><div class=\"title\">Z\u0160S II. Nov\u00fd \u0161koln\u00ed rok, nov\u00e9 z\u00e1\u017eitky<\/div><\/a><span class=\"date\"> <span class=\"date\">10. 09. 2024<\/span><\/span><div class=\"excerpt\"><\/div><\/li><li class=\"listing-item\"><a href=\"https:\/\/www.skolyjesenice.cz\/zs\/2024\/05\/30\/jaro-v-nasi-zlute-tride-zss-ii\/\"><div class=\"title\">Jaro v na\u0161\u00ed \u017elut\u00e9 t\u0159\u00edd\u011b Z\u0160S II.<\/div><\/a><span class=\"date\"> <span class=\"date\">30. 05. 2024<\/span><\/span><div class=\"excerpt\"><\/div><\/li><li class=\"listing-item\"><a href=\"https:\/\/www.skolyjesenice.cz\/zs\/2024\/02\/15\/leden-ve-skole-zss-ii\/\"><div class=\"title\">Leden ve \u0161kole Z\u0160S II.<\/div><\/a><span class=\"date\"> <span class=\"date\">15. 02. 2024<\/span><\/span><div class=\"excerpt\"><\/div><\/li><li class=\"listing-item\"><a href=\"https:\/\/www.skolyjesenice.cz\/zs\/2024\/01\/19\/vanoce-ve-skole-zss-ii\/\"><div class=\"title\">V\u00e1noce ve \u0161kole Z\u0160S II.<\/div><\/a><span class=\"date\"> <span class=\"date\">19. 01. 2024<\/span><\/span><div class=\"excerpt\"><\/div><\/li><li class=\"listing-item\"><a href=\"https:\/\/www.skolyjesenice.cz\/zs\/2024\/01\/19\/drevohrani-zss-ii\/\"><div class=\"title\">D\u0159evohran\u00ed Z\u0160S II.<\/div><\/a><span class=\"date\"> <span class=\"date\">19. 01. 2024<\/span><\/span><div class=\"excerpt\"><\/div><\/li><\/ul>\n","protected":false},"excerpt":{"rendered":"<p>Z\u00e1kladn\u00ed \u0161kola speci\u00e1ln\u00ed II. (II. stupe\u0148) t\u0159\u00eddn\u00ed u\u010ditelka: Ing. Veronika Sou\u010dkov\u00e1 asistentka pedagoga: Radka Seifertov\u00e1, [&hellip;]<\/p>\n","protected":false},"author":1,"featured_media":0,"parent":0,"menu_order":0,"comment_status":"closed","ping_status":"closed","template":"","meta":{"_acf_changed":false,"inline_featured_image":false,"footnotes":""},"class_list":["post-52","page","type-page","status-publish","hentry"],"acf":[],"_links":{"self":[{"href":"https:\/\/www.skolyjesenice.cz\/zs\/wp-json\/wp\/v2\/pages\/52","targetHints":{"allow":["GET"]}}],"collection":[{"href":"https:\/\/www.skolyjesenice.cz\/zs\/wp-json\/wp\/v2\/pages"}],"about":[{"href":"https:\/\/www.skolyjesenice.cz\/zs\/wp-json\/wp\/v2\/types\/page"}],"author":[{"embeddable":true,"href":"https:\/\/www.skolyjesenice.cz\/zs\/wp-json\/wp\/v2\/users\/1"}],"replies":[{"embeddable":true,"href":"https:\/\/www.skolyjesenice.cz\/zs\/wp-json\/wp\/v2\/comments?post=52"}],"version-history":[{"count":10,"href":"https:\/\/www.skolyjesenice.cz\/zs\/wp-json\/wp\/v2\/pages\/52\/revisions"}],"predecessor-version":[{"id":3927,"href":"https:\/\/www.skolyjesenice.cz\/zs\/wp-json\/wp\/v2\/pages\/52\/revisions\/3927"}],"wp:attachment":[{"href":"https:\/\/www.skolyjesenice.cz\/zs\/wp-json\/wp\/v2\/media?parent=52"}],"curies":[{"name":"wp","href":"https:\/\/api.w.org\/{rel}","templated":true}]}}

ZŠS II.

<h2>Základní škola speciální II. (II. stupeň)</h2>
<p style="text-align: justify"><strong>třídní učitelka:</strong> Ing. Veronika Součková</p>
<p style="text-align: justify"><strong>asistentka pedagoga:</strong> Radka Seifertová, Zdenka Kinštová</p>
<p style="text-align: justify"><strong>My jsme velcí žáci ze žluté třídy, každý den se učíme novým věcem, což se nám moc líbí. Poznáváme svět kolem nás, zpíváme si písničky, a když pro nás přijde máma, nechceme ze školičky.</strong></p>
<p style="text-align: justify">Jsme malá, ale skvělá skupina sedmi žáků, kteří navštěvují 5., 6., 7. a 8. ročník základní školy speciální. Do školy se těšíme každý den, protože tu získáváme nejen spoustu nových vědomostí, ale máme zde především také skvělé přátele. V naší třídě panuje přátelská a laskavá atmosféra, kde se navzájem podporujeme, pomáháme si a máme se rádi. Kromě učení si rádi hrajeme, objevujeme nové věci a společně se smějeme. Snažíme se být na sebe hodní a proto je každý den v naší třídě je plný radosti a pozitivní energie.</p>
<p style="text-align: justify">Ing. Veronika Součková</p>
<h2>Aktuality</h2>
<ul class="display-posts-listing"><li class="listing-item"><a href="https://www.skolyjesenice.cz/zs/2025/06/29/zss-ii-cerven-plny-zazitku/"><div class="title">ZŠS II. &#8211; Červen plný zážitků</div></a><span class="date"> <span class="date">29. 06. 2025</span></span><div class="excerpt"></div></li><li class="listing-item"><a href="https://www.skolyjesenice.cz/zs/2025/06/19/zss-ii-nas-tridni-vylet-ntm-plasy-a-prohlidka-namesti-ve-meste-kralovice/"><div class="title">ZŠS II. Náš třídní výlet – NTM Plasy a prohlídka náměstí ve městě Kralovice</div></a><span class="date"> <span class="date">19. 06. 2025</span></span><div class="excerpt"></div></li><li class="listing-item"><a href="https://www.skolyjesenice.cz/zs/2025/06/19/zss-ii-jaro-plne-zazitku/"><div class="title">ZŠS II. &#8211; Jaro plné zážitků</div></a><span class="date"> <span class="date">19. 06. 2025</span></span><div class="excerpt"></div></li><li class="listing-item"><a href="https://www.skolyjesenice.cz/zs/2025/04/10/navsteva-vystavy-fotografii-zvirat-a-prirody/"><div class="title">Návštěva výstavy fotografií zvířat a přírody</div></a><span class="date"> <span class="date">10. 04. 2025</span></span><div class="excerpt"></div></li><li class="listing-item"><a href="https://www.skolyjesenice.cz/zs/2024/12/20/zss-ii_zima-ve-skole-a-pohadkova-atmosfera-plna-radosti/"><div class="title">ZŠS II_Zima ve škole a pohádková atmosféra plná radosti</div></a><span class="date"> <span class="date">20. 12. 2024</span></span><div class="excerpt"></div></li><li class="listing-item"><a href="https://www.skolyjesenice.cz/zs/2024/12/15/zss-ii-zima-ve-skole-a-pohadkova-atmosfera-plna-radosti/"><div class="title">ZŠS II. Zima ve škole</div></a><span class="date"> <span class="date">15. 12. 2024</span></span><div class="excerpt"></div></li><li class="listing-item"><a href="https://www.skolyjesenice.cz/zs/2024/11/15/zss-ii-podzim-ve-skole-plny-zazitku-a-radosti-2/"><div class="title">ZŠS II. Podzim ve škole, plný zážitků a radosti</div></a><span class="date"> <span class="date">15. 11. 2024</span></span><div class="excerpt"></div></li><li class="listing-item"><a href="https://www.skolyjesenice.cz/zs/2024/11/15/zss-ii-podzim-ve-skole-plny-zazitku-a-radosti/"><div class="title">ZŠS II. Podzim ve škole, plný zážitků a radosti</div></a><span class="date"> <span class="date">15. 11. 2024</span></span><div class="excerpt"></div></li><li class="listing-item"><a href="https://www.skolyjesenice.cz/zs/2024/09/10/zss-ii-novy-skolni-rok-nove-zazitky/"><div class="title">ZŠS II. Nový školní rok, nové zážitky</div></a><span class="date"> <span class="date">10. 09. 2024</span></span><div class="excerpt"></div></li><li class="listing-item"><a href="https://www.skolyjesenice.cz/zs/2024/05/30/jaro-v-nasi-zlute-tride-zss-ii/"><div class="title">Jaro v naší žluté třídě ZŠS II.</div></a><span class="date"> <span class="date">30. 05. 2024</span></span><div class="excerpt"></div></li><li class="listing-item"><a href="https://www.skolyjesenice.cz/zs/2024/02/15/leden-ve-skole-zss-ii/"><div class="title">Leden ve škole ZŠS II.</div></a><span class="date"> <span class="date">15. 02. 2024</span></span><div class="excerpt"></div></li><li class="listing-item"><a href="https://www.skolyjesenice.cz/zs/2024/01/19/vanoce-ve-skole-zss-ii/"><div class="title">Vánoce ve škole ZŠS II.</div></a><span class="date"> <span class="date">19. 01. 2024</span></span><div class="excerpt"></div></li><li class="listing-item"><a href="https://www.skolyjesenice.cz/zs/2024/01/19/drevohrani-zss-ii/"><div class="title">Dřevohraní ZŠS II.</div></a><span class="date"> <span class="date">19. 01. 2024</span></span><div class="excerpt"></div></li></ul>

<p>Základní škola speciální II. (II. stupeň) třídní učitelka: Ing. Veronika Součková asistentka pedagoga: Radka Seifertová, [&hellip;]</p>
