{"id":192,"date":"2024-01-05T13:28:31","date_gmt":"2024-01-05T12:28:31","guid":{"rendered":"https:\/\/www.skolyjesenice.cz\/zs\/?page_id=192"},"modified":"2026-02-20T12:17:11","modified_gmt":"2026-02-20T11:17:11","slug":"zapis-do-skoly","status":"publish","type":"page","link":"https:\/\/www.skolyjesenice.cz\/zs\/zapis-do-skoly\/","title":{"rendered":"Z\u00e1pis do \u0161koly"},"content":{"rendered":"<p style=\"text-align: justify\">V\u00e1\u017een\u00ed \u017e\u00e1ci, z\u00e1konn\u00ed z\u00e1stupci,<br \/>\nd\u011bkujeme v\u0161em za \u00fa\u010dast na z\u00e1pisu k povinn\u00e9 \u0161koln\u00ed doch\u00e1zce. Na budouc\u00ed \u017e\u00e1ky 1. t\u0159\u00eddy a jejich z\u00e1konn\u00e9 z\u00e1stupce se t\u011b\u0161\u00edme ve st\u0159edu 6. 5. 2026, od 13.00 hod. na informa\u010dn\u00ed sch\u016fzce v budov\u011b z\u00e1kladn\u00ed \u0161koly, Plze\u0148sk\u00e1 63.<\/p>\n<p style=\"text-align: justify\">Mgr. Hana Vanick\u00e1, \u0159editelka \u0161koly<\/p>\n<p><img loading=\"lazy\" decoding=\"async\" class=\"aligncenter size-full wp-image-3936\" src=\"http:\/\/www.skolyjesenice.cz\/zs\/wp-content\/uploads\/sites\/3\/2026\/02\/vysledek_zapis_2026.jpg\" alt=\"\" width=\"621\" height=\"794\" srcset=\"https:\/\/www.skolyjesenice.cz\/zs\/wp-content\/uploads\/sites\/3\/2026\/02\/vysledek_zapis_2026.jpg 621w, https:\/\/www.skolyjesenice.cz\/zs\/wp-content\/uploads\/sites\/3\/2026\/02\/vysledek_zapis_2026-235x300.jpg 235w\" sizes=\"auto, (max-width: 621px) 100vw, 621px\" \/><\/p>\n","protected":false},"excerpt":{"rendered":"<p>V\u00e1\u017een\u00ed \u017e\u00e1ci, z\u00e1konn\u00ed z\u00e1stupci, d\u011bkujeme v\u0161em za \u00fa\u010dast na z\u00e1pisu k povinn\u00e9 \u0161koln\u00ed doch\u00e1zce. Na [&hellip;]<\/p>\n","protected":false},"author":1,"featured_media":0,"parent":0,"menu_order":0,"comment_status":"closed","ping_status":"closed","template":"","meta":{"_acf_changed":false,"inline_featured_image":false,"footnotes":""},"class_list":["post-192","page","type-page","status-publish","hentry"],"acf":[],"_links":{"self":[{"href":"https:\/\/www.skolyjesenice.cz\/zs\/wp-json\/wp\/v2\/pages\/192","targetHints":{"allow":["GET"]}}],"collection":[{"href":"https:\/\/www.skolyjesenice.cz\/zs\/wp-json\/wp\/v2\/pages"}],"about":[{"href":"https:\/\/www.skolyjesenice.cz\/zs\/wp-json\/wp\/v2\/types\/page"}],"author":[{"embeddable":true,"href":"https:\/\/www.skolyjesenice.cz\/zs\/wp-json\/wp\/v2\/users\/1"}],"replies":[{"embeddable":true,"href":"https:\/\/www.skolyjesenice.cz\/zs\/wp-json\/wp\/v2\/comments?post=192"}],"version-history":[{"count":16,"href":"https:\/\/www.skolyjesenice.cz\/zs\/wp-json\/wp\/v2\/pages\/192\/revisions"}],"predecessor-version":[{"id":3939,"href":"https:\/\/www.skolyjesenice.cz\/zs\/wp-json\/wp\/v2\/pages\/192\/revisions\/3939"}],"wp:attachment":[{"href":"https:\/\/www.skolyjesenice.cz\/zs\/wp-json\/wp\/v2\/media?parent=192"}],"curies":[{"name":"wp","href":"https:\/\/api.w.org\/{rel}","templated":true}]}}

Zápis do školy

<p style="text-align: justify">Vážení žáci, zákonní zástupci,<br />
děkujeme všem za účast na zápisu k povinné školní docházce. Na budoucí žáky 1. třídy a jejich zákonné zástupce se těšíme ve středu 6. 5. 2026, od 13.00 hod. na informační schůzce v budově základní školy, Plzeňská 63.</p>
<p style="text-align: justify">Mgr. Hana Vanická, ředitelka školy</p>
<p><img loading="lazy" decoding="async" class="aligncenter size-full wp-image-3936" src="http://www.skolyjesenice.cz/zs/wp-content/uploads/sites/3/2026/02/vysledek_zapis_2026.jpg" alt="" width="621" height="794" srcset="https://www.skolyjesenice.cz/zs/wp-content/uploads/sites/3/2026/02/vysledek_zapis_2026.jpg 621w, https://www.skolyjesenice.cz/zs/wp-content/uploads/sites/3/2026/02/vysledek_zapis_2026-235x300.jpg 235w" sizes="auto, (max-width: 621px) 100vw, 621px" /></p>

<p>Vážení žáci, zákonní zástupci, děkujeme všem za účast na zápisu k povinné školní docházce. Na [&hellip;]</p>
