{"id":280,"date":"2025-01-19T20:55:27","date_gmt":"2025-01-19T19:55:27","guid":{"rendered":"https:\/\/www.skolyjesenice.cz\/ss\/?page_id=280"},"modified":"2026-06-29T08:34:54","modified_gmt":"2026-06-29T06:34:54","slug":"prijimaci-rizeni","status":"publish","type":"page","link":"https:\/\/www.skolyjesenice.cz\/ss\/uchazeci\/prijimaci-rizeni\/","title":{"rendered":"P\u0159ij\u00edmac\u00ed \u0159\u00edzen\u00ed"},"content":{"rendered":"<p><span style=\"color: #ff0000\"><strong><u>P\u0158IJ\u00cdMAC\u00cd \u0158\u00cdZEN\u00cd\u00a0<\/u><\/strong><strong><u>do 1. ro\u010dn\u00edk\u016f st\u0159edn\u00ed \u0161koly pro \u0161koln\u00ed rok 2026\/2027 \u2013 3<\/u><\/strong><strong><u>. kolo<\/u><\/strong><\/span><\/p>\n<p>St\u0159edn\u00ed \u0161kola a Z\u00e1kladn\u00ed \u0161kola Jesenice, p\u0159\u00edsp\u011bvkov\u00e1 organizace, zastoupen\u00e1 \u0159editelkou \u0161koly Mgr. Hanou Vanickou, v souladu se z\u00e1konem \u010d. 561\/2004 Sb., o p\u0159ed\u0161koln\u00edm, z\u00e1kladn\u00edm, st\u0159edn\u00edm, vy\u0161\u0161\u00edm odborn\u00e9m a jin\u00e9m vzd\u011bl\u00e1v\u00e1n\u00ed (\u0161kolsk\u00fd z\u00e1kon), ve zn\u011bn\u00ed pozd\u011bj\u0161\u00edch p\u0159edpis\u016f, vyhl\u00e1\u0161kou \u010d. 442\/2023 Sb., o p\u0159ij\u00edmac\u00edm \u0159\u00edzen\u00ed ke st\u0159edn\u00edmu vzd\u011bl\u00e1v\u00e1n\u00ed, ve zn\u011bn\u00ed pozd\u011bj\u0161\u00edch p\u0159edpis\u016f, kterou se stanov\u00ed podrobnosti o organizaci p\u0159ij\u00edmac\u00edho \u0159\u00edzen\u00ed ke vzd\u011bl\u00e1v\u00e1n\u00ed ve st\u0159edn\u00edch \u0161kol\u00e1ch, vyhl\u00e1\u0161kou 27\/2016 Sb., o vzd\u011bl\u00e1v\u00e1n\u00ed \u017e\u00e1k\u016f se speci\u00e1ln\u00edmi vzd\u011bl\u00e1vac\u00edmi pot\u0159ebami a \u017e\u00e1k\u016f nadan\u00fdch, vyhla\u0161uje 3. kolo p\u0159ij\u00edmac\u00edho \u0159\u00edzen\u00ed.<\/p>\n<p>Podrobnosti o po\u010dtech p\u0159ij\u00edman\u00fdch \u017e\u00e1k\u016f, krit\u00e9ria pro p\u0159ijet\u00ed a term\u00edny pro pod\u00e1n\u00ed p\u0159ihl\u00e1\u0161ky naleznete <a href=\"http:\/\/www.skolyjesenice.cz\/ss\/wp-content\/uploads\/sites\/2\/2026\/06\/3.-kolo-PR-2526.pdf\" target=\"_blank\" rel=\"noopener\"><strong>ZDE.<\/strong><\/a><\/p>\n","protected":false},"excerpt":{"rendered":"<p>P\u0158IJ\u00cdMAC\u00cd \u0158\u00cdZEN\u00cd\u00a0do 1. ro\u010dn\u00edk\u016f st\u0159edn\u00ed \u0161koly pro \u0161koln\u00ed rok 2026\/2027 \u2013 3. kolo St\u0159edn\u00ed \u0161kola [&hellip;]<\/p>\n","protected":false},"author":1,"featured_media":0,"parent":1707,"menu_order":0,"comment_status":"closed","ping_status":"closed","template":"","meta":{"_acf_changed":false,"inline_featured_image":false,"footnotes":""},"class_list":["post-280","page","type-page","status-publish","hentry"],"acf":[],"_links":{"self":[{"href":"https:\/\/www.skolyjesenice.cz\/ss\/wp-json\/wp\/v2\/pages\/280","targetHints":{"allow":["GET"]}}],"collection":[{"href":"https:\/\/www.skolyjesenice.cz\/ss\/wp-json\/wp\/v2\/pages"}],"about":[{"href":"https:\/\/www.skolyjesenice.cz\/ss\/wp-json\/wp\/v2\/types\/page"}],"author":[{"embeddable":true,"href":"https:\/\/www.skolyjesenice.cz\/ss\/wp-json\/wp\/v2\/users\/1"}],"replies":[{"embeddable":true,"href":"https:\/\/www.skolyjesenice.cz\/ss\/wp-json\/wp\/v2\/comments?post=280"}],"version-history":[{"count":33,"href":"https:\/\/www.skolyjesenice.cz\/ss\/wp-json\/wp\/v2\/pages\/280\/revisions"}],"predecessor-version":[{"id":3860,"href":"https:\/\/www.skolyjesenice.cz\/ss\/wp-json\/wp\/v2\/pages\/280\/revisions\/3860"}],"up":[{"embeddable":true,"href":"https:\/\/www.skolyjesenice.cz\/ss\/wp-json\/wp\/v2\/pages\/1707"}],"wp:attachment":[{"href":"https:\/\/www.skolyjesenice.cz\/ss\/wp-json\/wp\/v2\/media?parent=280"}],"curies":[{"name":"wp","href":"https:\/\/api.w.org\/{rel}","templated":true}]}}

Přijímací řízení

<p><span style="color: #ff0000"><strong><u>PŘIJÍMACÍ ŘÍZENÍ </u></strong><strong><u>do 1. ročníků střední školy pro školní rok 2026/2027 – 3</u></strong><strong><u>. kolo</u></strong></span></p>
<p>Střední škola a Základní škola Jesenice, příspěvková organizace, zastoupená ředitelkou školy Mgr. Hanou Vanickou, v souladu se zákonem č. 561/2004 Sb., o předškolním, základním, středním, vyšším odborném a jiném vzdělávání (školský zákon), ve znění pozdějších předpisů, vyhláškou č. 442/2023 Sb., o přijímacím řízení ke střednímu vzdělávání, ve znění pozdějších předpisů, kterou se stanoví podrobnosti o organizaci přijímacího řízení ke vzdělávání ve středních školách, vyhláškou 27/2016 Sb., o vzdělávání žáků se speciálními vzdělávacími potřebami a žáků nadaných, vyhlašuje 3. kolo přijímacího řízení.</p>
<p>Podrobnosti o počtech přijímaných žáků, kritéria pro přijetí a termíny pro podání přihlášky naleznete <a href="http://www.skolyjesenice.cz/ss/wp-content/uploads/sites/2/2026/06/3.-kolo-PR-2526.pdf" target="_blank" rel="noopener"><strong>ZDE.</strong></a></p>

<p>PŘIJÍMACÍ ŘÍZENÍ do 1. ročníků střední školy pro školní rok 2026/2027 – 3. kolo Střední škola [&hellip;]</p>
