{"id":254,"date":"2024-01-05T14:06:37","date_gmt":"2024-01-05T13:06:37","guid":{"rendered":"https:\/\/www.skolyjesenice.cz\/ss\/?page_id=254"},"modified":"2025-09-05T09:28:46","modified_gmt":"2025-09-05T07:28:46","slug":"historie","status":"publish","type":"page","link":"https:\/\/www.skolyjesenice.cz\/ss\/o-skole\/historie\/","title":{"rendered":"Historie"},"content":{"rendered":"<div class=\"su-row\"><div class=\"su-column su-column-size-1-2\"><div class=\"su-column-inner su-u-clearfix su-u-trim\">\n<p>Jesenick\u00e1 st\u0159edn\u00ed \u0161kola na adresa \u017dateck\u00e1 1 byla z\u0159\u00edzena k 1. z\u00e1\u0159\u00ed 1960.<\/p>\n<p>Historie budovy \u010dp. 1<\/p>\n<p>Po obnoven\u00ed \u017dateck\u00e9ho kraje (prosinec 1854) byl ustanoven i soudn\u00ed okres Jesenice. Obec b\u011bhem roku 1855 postavila na zna\u010dn\u00e9 n\u00e1klady (s p\u0159isp\u011bn\u00edm st\u00e1tu) na parcele p\u016fvodn\u00ed radnice \u010dp. 1 a z\u0159ejm\u011b i domu \u010dp. 2 odpov\u00eddaj\u00edc\u00ed s\u00eddlo sm\u00ed\u0161en\u00e9ho okresu (soudn\u00edho a v\u00fdkonn\u00e9ho) \u2013 t\u0159\u00edpatrovou rohovou budovu.<\/p>\n<\/div><\/div>\n<div class=\"su-column su-column-size-1-2\"><div class=\"su-column-inner su-u-clearfix su-u-trim\">\n<p><img loading=\"lazy\" decoding=\"async\" class=\"alignnone wp-image-288 size-full\" src=\"https:\/\/www.skolyjesenice.cz\/ss\/wp-content\/uploads\/sites\/2\/2024\/01\/skola-sq-500.webp\" alt=\"Budova \u0161koly\" width=\"500\" height=\"500\" srcset=\"https:\/\/www.skolyjesenice.cz\/ss\/wp-content\/uploads\/sites\/2\/2024\/01\/skola-sq-500.webp 500w, https:\/\/www.skolyjesenice.cz\/ss\/wp-content\/uploads\/sites\/2\/2024\/01\/skola-sq-500-300x300.webp 300w, https:\/\/www.skolyjesenice.cz\/ss\/wp-content\/uploads\/sites\/2\/2024\/01\/skola-sq-500-150x150.webp 150w\" sizes=\"auto, (max-width: 500px) 100vw, 500px\" \/><\/p>\n<\/div><\/div>\n<\/div>\n<p>V budov\u011b se nach\u00e1zel:<\/p>\n<ul>\n<li>Okresn\u00ed \u00fa\u0159ad &#8211; do roku 1868 (spr\u00e1vn\u00ed reforma z roku 1868 ponechala pouze soudn\u00ed okres)<\/li>\n<li>Okresn\u00ed soud s vazebn\u00edmi celami &#8211; 1855 \u2013 1949 (pot\u00e9 expozitura asi do r. 1954)<\/li>\n<li>Finan\u010dn\u00ed a da\u0148ov\u00fd \u00fa\u0159ad (tzv. bern\u00ed \u00fa\u0159ad) 1855 \u2013 duben 1947 (pot\u00e9 p\u0159esunut do Podbo\u0159an)<\/li>\n<li>M\u011bstsk\u00fd \u00fa\u0159ad (dv\u011b m\u00edstnosti v p\u0159\u00edzem\u00ed) \u2013 do \u00fanora 1891 (pot\u00e9 v \u010dp. 126 a sv\u00e9 kancel\u00e1\u0159e pronajala<\/li>\n<li>\u00da\u0159adu pozemkov\u00fdch knih)<\/li>\n<li>\u00da\u0159ad pozemkov\u00fdch knih &#8211; \u00fanor 1891 &#8211; 1949 (pot\u00e9 expozitura asi do r. 1954)<\/li>\n<li>Kancel\u00e1\u0159e st\u0159edisek MKP (M\u00edstn\u00ed\/m\u011bstsk\u00fd komun\u00e1ln\u00ed podnik, do r. 1952) a OKP (Okresn\u00ed komun\u00e1ln\u00ed podnik, do r. 1960)<\/li>\n<\/ul>\n<p>Historie \u0161koly<\/p>\n<p>Jesenick\u00e1 st\u0159edn\u00ed \u0161kola byla z\u0159\u00edzena k 1. z\u00e1\u0159\u00ed 1960. Ode dne zalo\u017een\u00ed do 1. listopadu 1960 v\u00fduka prob\u00edhala v Zem\u011bd\u011blsk\u00e9 technick\u00e9 \u0161kole v Rakovn\u00edku. \u0160kole byly p\u0159id\u011bleny objekty \u010d.p. 1 (b\u00fdval\u00fd soud), \u010d.p. 165 (b\u00fdval\u00fd hostinec SD Jednoty) a objekt \u010d.p. 199 (b\u00fdval\u00e1 provozovna truhl\u00e1\u0159sk\u00e9 a z\u00e1me\u010dnick\u00e9 provozovny OSP Podbo\u0159any). V\u0161echny tyto objekty vy\u017eadovaly p\u0159estavbu, aby vyhovovaly teoretick\u00e9 v\u00fduce, odborn\u00e9 v\u00fduce a ubytov\u00e1n\u00ed \u017e\u00e1k\u016f. Ze skromn\u00fdch za\u010d\u00e1tk\u016f se p\u00e9\u010d\u00ed mnoha zainteresovan\u00fdch postupn\u011b na\u0161e \u0161kola m\u011bnila do dne\u0161n\u00ed podoby.<\/p>\n<p>Ve \u0161koln\u00edm roce 1980\/1981 byla \u0161kola p\u0159ejmenov\u00e1na na St\u0159edn\u00ed odborn\u00e9 u\u010dili\u0161t\u011b zem\u011bd\u011blsk\u00e9. Profil \u0161koly se nem\u011bn\u00ed a u\u010debn\u00ed obory z\u016fst\u00e1vaj\u00ed zam\u011b\u0159eny na zem\u011bd\u011blskou v\u00fdrobu. Po roce 1990 se k\u00a0zem\u011bd\u011blsk\u00fdm obor\u016fm p\u0159id\u00e1v\u00e1 obor zahradn\u00edk a rodinn\u00e1 \u0161kola. Od \u0161koln\u00edho roku 1993\/1994 je n\u00e1zev \u0161koly zm\u011bn\u011bn na St\u0159edn\u00ed odborn\u00e9 u\u010dili\u0161t\u011b a U\u010dili\u0161t\u011b zem\u011bd\u011blsk\u00e9, aby od \u0161koln\u00edho roku 1994\/1995 byl obm\u011bn\u011bn na Integrovanou st\u0159edn\u00ed \u0161kolu a U\u010dili\u0161t\u011b. \u0160koln\u00ed rok 1998\/1999 je n\u00e1zev \u0161koly Integrovan\u00e1 st\u0159edn\u00ed \u0161kola, Odborn\u00e9 u\u010dili\u0161t\u011b, a U\u010dili\u0161t\u011b, aby od \u0161koln\u00edho roku 2005\/2006 byl ust\u00e1len na Integrovanou st\u0159edn\u00ed \u0161kolu.<\/p>\n<p>Od \u0161koln\u00edho roku 1998\/1999 je otev\u0159en nov\u00fd obor cukr\u00e1\u0159 \u2013 v\u00fdroba, aby na n\u011bj postupn\u011b navazovaly obory farm\u00e1\u0159sk\u00e9, zahradnick\u00e9 a od roku 2008 tak\u00e9 maturitn\u00ed obor soci\u00e1ln\u00ed p\u00e9\u010de \u2013 pe\u010dovatelsk\u00e1 \u010dinnost. Dal\u0161\u00ed maturitn\u00ed obor je otev\u0159en ve \u0161koln\u00edm roce<br \/>\n2010\/2011. Jde o obor podnikatel, kter\u00fd je ur\u010den pro \u017e\u00e1ky, je\u017e budou vykon\u00e1vat ekonomick\u00e9, provozn\u011b-ekonomick\u00e9, obchodn\u00ed a administrativn\u00ed \u010dinnosti.<\/p>\n<p>Od z\u00e1\u0159\u00ed roku 2016 \u0161kola nov\u011b nab\u00edz\u00ed maturitn\u00ed obor bezpe\u010dnostn\u00ed slu\u017eby, kter\u00fd prob\u00edh\u00e1 v d\u00e1lkov\u00e9 form\u011b. Je zam\u011b\u0159en jako p\u0159\u00edprava na \u010dinnosti bezpe\u010dnostn\u00ed povahy a integrovan\u00fd z\u00e1chrann\u00fd syst\u00e9m a na pot\u0159eby t\u00fdkaj\u00edc\u00ed se podnik\u00e1n\u00ed v t\u00e9to oblasti. Od \u0161koln\u00edho roku 2017\/2018 je otev\u0159en nov\u00fd obor o\u0161et\u0159ovatel. Absolvent oboru o\u0161et\u0159ovatel se uplatn\u00ed ve zdravotnick\u00fdch za\u0159\u00edzen\u00edch a v za\u0159\u00edzen\u00edch soci\u00e1ln\u00edch slu\u017eeb, zejm\u00e9na v nemocnic\u00edch nebo o\u0161et\u0159ovatelsk\u00fdch centrech, v l\u00e9\u010debn\u00e1ch dlouhodob\u011b nemocn\u00fdch, v za\u0159\u00edzen\u00edch geriatrick\u00e9 p\u00e9\u010de a v za\u0159\u00edzen\u00edch hospicov\u00e9 a respitn\u00ed p\u00e9\u010de.<\/p>\n<p>Na z\u00e1klad\u011b rozhodnut\u00ed z\u0159izovatele se Integrovan\u00e1 st\u0159edn\u00ed \u0161kola Jesenice a Z\u00e1kladn\u00ed \u0161kola a Praktick\u00e1 \u0161kola Jesenice spojuj\u00ed v jeden subjekt, kter\u00fd od 1. 9. 2021 nese n\u00e1zev St\u0159edn\u00ed \u0161kola a Z\u00e1kladn\u00ed \u0161kola Jesenice, p\u0159\u00edsp\u011bvkov\u00e1 organizace.<\/p>\n","protected":false},"excerpt":{"rendered":"<p>V budov\u011b se nach\u00e1zel: Okresn\u00ed \u00fa\u0159ad &#8211; do roku 1868 (spr\u00e1vn\u00ed reforma z roku 1868 [&hellip;]<\/p>\n","protected":false},"author":1,"featured_media":0,"parent":1701,"menu_order":0,"comment_status":"closed","ping_status":"closed","template":"","meta":{"_acf_changed":false,"inline_featured_image":false,"footnotes":""},"class_list":["post-254","page","type-page","status-publish","hentry"],"acf":[],"_links":{"self":[{"href":"https:\/\/www.skolyjesenice.cz\/ss\/wp-json\/wp\/v2\/pages\/254","targetHints":{"allow":["GET"]}}],"collection":[{"href":"https:\/\/www.skolyjesenice.cz\/ss\/wp-json\/wp\/v2\/pages"}],"about":[{"href":"https:\/\/www.skolyjesenice.cz\/ss\/wp-json\/wp\/v2\/types\/page"}],"author":[{"embeddable":true,"href":"https:\/\/www.skolyjesenice.cz\/ss\/wp-json\/wp\/v2\/users\/1"}],"replies":[{"embeddable":true,"href":"https:\/\/www.skolyjesenice.cz\/ss\/wp-json\/wp\/v2\/comments?post=254"}],"version-history":[{"count":9,"href":"https:\/\/www.skolyjesenice.cz\/ss\/wp-json\/wp\/v2\/pages\/254\/revisions"}],"predecessor-version":[{"id":529,"href":"https:\/\/www.skolyjesenice.cz\/ss\/wp-json\/wp\/v2\/pages\/254\/revisions\/529"}],"up":[{"embeddable":true,"href":"https:\/\/www.skolyjesenice.cz\/ss\/wp-json\/wp\/v2\/pages\/1701"}],"wp:attachment":[{"href":"https:\/\/www.skolyjesenice.cz\/ss\/wp-json\/wp\/v2\/media?parent=254"}],"curies":[{"name":"wp","href":"https:\/\/api.w.org\/{rel}","templated":true}]}}

<div class="su-row"><div class="su-column su-column-size-1-2"><div class="su-column-inner su-u-clearfix su-u-trim">
<p>Jesenická střední škola na adresa Žatecká 1 byla zřízena k 1. září 1960.</p>
<p>Historie budovy čp. 1</p>
<p>Po obnovení Žateckého kraje (prosinec 1854) byl ustanoven i soudní okres Jesenice. Obec během roku 1855 postavila na značné náklady (s přispěním státu) na parcele původní radnice čp. 1 a zřejmě i domu čp. 2 odpovídající sídlo smíšeného okresu (soudního a výkonného) – třípatrovou rohovou budovu.</p>
</div></div>
<div class="su-column su-column-size-1-2"><div class="su-column-inner su-u-clearfix su-u-trim">
<p><img loading="lazy" decoding="async" class="alignnone wp-image-288 size-full" src="https://www.skolyjesenice.cz/ss/wp-content/uploads/sites/2/2024/01/skola-sq-500.webp" alt="Budova školy" width="500" height="500" srcset="https://www.skolyjesenice.cz/ss/wp-content/uploads/sites/2/2024/01/skola-sq-500.webp 500w, https://www.skolyjesenice.cz/ss/wp-content/uploads/sites/2/2024/01/skola-sq-500-300x300.webp 300w, https://www.skolyjesenice.cz/ss/wp-content/uploads/sites/2/2024/01/skola-sq-500-150x150.webp 150w" sizes="auto, (max-width: 500px) 100vw, 500px" /></p>
</div></div>
</div>
<p>V budově se nacházel:</p>
<ul>
<li>Okresní úřad &#8211; do roku 1868 (správní reforma z roku 1868 ponechala pouze soudní okres)</li>
<li>Okresní soud s vazebními celami &#8211; 1855 – 1949 (poté expozitura asi do r. 1954)</li>
<li>Finanční a daňový úřad (tzv. berní úřad) 1855 – duben 1947 (poté přesunut do Podbořan)</li>
<li>Městský úřad (dvě místnosti v přízemí) – do února 1891 (poté v čp. 126 a své kanceláře pronajala</li>
<li>Úřadu pozemkových knih)</li>
<li>Úřad pozemkových knih &#8211; únor 1891 &#8211; 1949 (poté expozitura asi do r. 1954)</li>
<li>Kanceláře středisek MKP (Místní/městský komunální podnik, do r. 1952) a OKP (Okresní komunální podnik, do r. 1960)</li>
</ul>
<p>Historie školy</p>
<p>Jesenická střední škola byla zřízena k 1. září 1960. Ode dne založení do 1. listopadu 1960 výuka probíhala v Zemědělské technické škole v Rakovníku. Škole byly přiděleny objekty č.p. 1 (bývalý soud), č.p. 165 (bývalý hostinec SD Jednoty) a objekt č.p. 199 (bývalá provozovna truhlářské a zámečnické provozovny OSP Podbořany). Všechny tyto objekty vyžadovaly přestavbu, aby vyhovovaly teoretické výuce, odborné výuce a ubytování žáků. Ze skromných začátků se péčí mnoha zainteresovaných postupně naše škola měnila do dnešní podoby.</p>
<p>Ve školním roce 1980/1981 byla škola přejmenována na Střední odborné učiliště zemědělské. Profil školy se nemění a učební obory zůstávají zaměřeny na zemědělskou výrobu. Po roce 1990 se k zemědělským oborům přidává obor zahradník a rodinná škola. Od školního roku 1993/1994 je název školy změněn na Střední odborné učiliště a Učiliště zemědělské, aby od školního roku 1994/1995 byl obměněn na Integrovanou střední školu a Učiliště. Školní rok 1998/1999 je název školy Integrovaná střední škola, Odborné učiliště, a Učiliště, aby od školního roku 2005/2006 byl ustálen na Integrovanou střední školu.</p>
<p>Od školního roku 1998/1999 je otevřen nový obor cukrář – výroba, aby na něj postupně navazovaly obory farmářské, zahradnické a od roku 2008 také maturitní obor sociální péče – pečovatelská činnost. Další maturitní obor je otevřen ve školním roce<br />
2010/2011. Jde o obor podnikatel, který je určen pro žáky, jež budou vykonávat ekonomické, provozně-ekonomické, obchodní a administrativní činnosti.</p>
<p>Od září roku 2016 škola nově nabízí maturitní obor bezpečnostní služby, který probíhá v dálkové formě. Je zaměřen jako příprava na činnosti bezpečnostní povahy a integrovaný záchranný systém a na potřeby týkající se podnikání v této oblasti. Od školního roku 2017/2018 je otevřen nový obor ošetřovatel. Absolvent oboru ošetřovatel se uplatní ve zdravotnických zařízeních a v zařízeních sociálních služeb, zejména v nemocnicích nebo ošetřovatelských centrech, v léčebnách dlouhodobě nemocných, v zařízeních geriatrické péče a v zařízeních hospicové a respitní péče.</p>
<p>Na základě rozhodnutí zřizovatele se Integrovaná střední škola Jesenice a Základní škola a Praktická škola Jesenice spojují v jeden subjekt, který od 1. 9. 2021 nese název Střední škola a Základní škola Jesenice, příspěvková organizace.</p>

<p>V budově se nacházel: Okresní úřad &#8211; do roku 1868 (správní reforma z roku 1868 [&hellip;]</p>
